52 (base 6) in base 9?
-35
Convert 24 (base 10) to base 2.
11000
-18 (base 12) to base 5
-40
9 (base 14) to base 10
9
Convert 0 (base 14) to base 16.
0
What is -a6 (base 16) in base 10?
-166
Convert -1 (base 2) to base 15.
-1
Convert -1 (base 3) to base 14.
-1
Convert -62 (base 9) to base 5.
-211
What is -28 (base 13) in base 16?
-22
11 (base 9) to base 3
101
Convert -7 (base 15) to base 13.
-7
What is -1 (base 8) in base 12?
-1
-2 (base 3) to base 10
-2
Convert 110110 (base 2) to base 8.
66
What is 6 (base 14) in base 13?
6
110 (base 2) to base 11
6
What is -18 (base 10) in base 9?
-20
a (base 15) to base 11
a
-75 (base 13) to base 14
-6c
What is 11 (base 4) in base 13?
5
Convert 1 (base 15) to base 7.
1
-5 (base 13) to base 14
-5
Convert -7b (base 16) to base 10.
-123
Convert -102 (base 3) to base 2.
-1011
3 (base 13) to base 7
3
1 (base 10) to base 4
1
What is -1 (base 3) in base 4?
-1
-14 (base 5) to base 6
-13
Convert 4c (base 13) to base 14.
48
-5 (base 6) to base 10
-5
-2 (base 16) to base 11
-2
-2 (base 7) to base 2
-10
-2 (base 6) to base 12
-2
-1011 (base 3) to base 11
-29
111 (base 3) to base 11
12
Convert 154 (base 6) to base 9.
77
-213 (base 4) to base 3
-1110
Convert -2 (base 13) to base 14.
-2
What is 1 (base 3) in base 14?
1
Convert -40 (base 12) to base 10.
-48
Convert 1 (base 11) to base 5.
1
3 (base 4) to base 6
3
3 (base 13) to base 4
3
What is 1020 (base 3) in base 11?
30
Convert 11 (base 2) to base 7.
3
What is -4 (base 16) in base 7?
-4
6 (base 14) to base 13
6
Convert -21 (base 5) to base 3.
-102
Convert -3 (base 7) to base 6.
-3
47 (base 10) to base 4
233
20a (base 11) to base 13
165
Convert -1 (base 16) to base 6.
-1
Convert -11 (base 10) to base 16.
-b
What is 1c (base 16) in base 14?
20
What is 22 (base 10) in base 11?
20
What is -12 (base 15) in base 10?
-17
What is 15 (base 6) in base 12?
b
-101 (base 2) to base 6
-5
What is 260 (base 12) in base 4?
11220
What is 13 (base 8) in base 11?
10
-23 (base 9) to base 8
-25
What is -5 (base 7) in base 13?
-5
4b (base 12) to base 10
59
89 (base 16) to base 12
b5
What is -204 (base 5) in base 4?
-312
c (base 15) to base 4
30
Convert -2 (base 6) to base 14.
-2
What is 0 (base 15) in base 10?
0
Convert 10 (base 14) to base 2.
1110
10 (base 3) to base 11
3
What is 2 (base 6) in base 4?
2
3 (base 14) to base 13
3
What is -166 (base 7) in base 12?
-81
What is 26 (base 9) in base 2?
11000
7 (base 13) to base 7
10
Convert -10 (base 4) to base 2.
-100
What is 4 (base 13) in base 11?
4
204 (base 5) to base 9
60
-25 (base 9) to base 11
-21
What is 33 (base 4) in base 13?
12
-11 (base 14) to base 13
-12
Convert -9 (base 16) to base 14.
-9
-20 (base 5) to base 4
-22
Convert -13 (base 10) to base 5.
-23
What is -5 (base 7) in base 14?
-5
What is -3103 (base 5) in base 16?
-193
Convert 1 (base 12) to base 14.
1
c (base 15) to base 5
22
-31 (base 11) to base 9
-37
Convert 0 (base 8) to base 6.
0
Convert 81 (base 15) to base 4.
1321
-1 (base 6) to base 2
-1
What is -212 (base 5) in base 8?
-71
Convert -3 (base 5) to base 7.
-3
What is -1000 (base 2) in base 15?
-8
-5 (base 16) to base 8
-5
Convert 132 (base 4) to base 11.
28
What is 7 (base 13) in base 3?
21
Convert 21 (base 4) to base 9.
10
What is 10231 (base 4) in base 10?
301
What is -18 (base 10) in base 15?
-13
What is -d6 (base 15) in base 11?
-173
Convert 2 (base 4) to base 5.
2
3 (base 15) to base 5
3
What is -2a (base 16) in base 3?
-1120
Convert 12 (base 5) to base 2.
111
1 (base 5) to base 6
1
-10111 (base 2) to base 16
-17
-19 (base 11) to base 7
-26
1001100 (base 2) to base 3
2211
What is 34 (base 7) in base 4?
121
What is 101010 (base 2) in base 5?
132
What is 13 (base 4) in base 10?
7
5 (base 12) to base 3
12
-4 (base 11) to base 4
-10
Convert -13 (base 4) to base 10.
-7
Convert -14 (base 10) to base 2.
-1110
What is -2 (base 5) in base 3?
-2
-1b (base 15) to base 12
-22
What is -36 (base 9) in base 16?
-21
What is 6 (base 13) in base 2?
110
-85 (base 11) to base 4
-1131
-3 (base 11) to base 6
-3
Convert 10 (base 10) to base 3.
101
What is -6 (base 16) in base 5?
-11
Convert -4 (base 9) to base 10.
-4
What is -46 (base 13) in base 6?
-134
Convert 0 (base 10) to base 6.
0
243 (base 5) to base 9
81
12 (base 15) to base 2
10001
What is -35 (base 10) in base 15?
-25
Convert -45 (base 16) to base 11.
-63
-28 (base 13) to base 3
-1021
What is -101000011 (base 2) in base 7?
-641
What is -2 (base 12) in base 5?
-2
-178 (base 9) to base 10
-152
What is -1 (base 5) in base 16?
-1
-46 (base 10) to base 13
-37
Convert -6 (base 16) to base 11.
-6
156 (base 10) to base 2
10011100
-10 (base 5) to base 6
-5
Convert 201 (base 4) to base 5.
113
What is -2 (base 10) in base 6?
-2
What is -1 (base 10) in base 9?
-1
Convert -150 (base 14) to base 16.
-10a
Convert 7 (base 8) to base 12.
7
2 (base 5) to base 15
2
What is 0 (base 12) in base 7?
0
-8 (base 10) to base 3
-22
Convert -100 (base 3) to base 16.
-9
What is -6 (base 10) in base 8?
-6
What is -300 (base 4) in base 10?
-48
-3 (base 6) to base 3
-10
Convert 2 (base 5) to base 12.
2
-129 (base 10) to base 16
-81
Convert 6 (base 14) to base 13.
6
20 (base 3) to base 16
6
What is -10 (base 14) in base 6?
-22
Convert -5 (base 9) to base 7.
-5
What is 179 (base 10) in base 5?
1204
Convert -93 (base 10) to base 8.
-135
17 (base 15) to base 16
16
What is -118 (base 9) in base 11?
-8a
0 (base 15) to base 13
0
What is -163 (base 11) in base 14?
-d8
-a1 (base 13) to base 3
-11212
Convert -152 (base 7) to base 15.
-5b
What is -45 (base 6) in base 12?
-25
Convert 0 (base 3) to base 2.
0
-100001 (base 2) to base 5
-113
What is 353 (base 6) in base 15?
96
Convert -9 (base 12) to base 14.
-9
What is -8 (base 12) in base 15?
-8
What is -22 (base 4) in base 9?
-11
Convert -70 (base 9) to base 10.
-63
10 (base 2) to base 11
2
What is -23 (base 5) in base 4?
-31
Convert 35 (base 10) to base 7.
50
Convert -2 (base 12) to base 16.
-2
Convert 2 (base 5) to base 15.
2
3 (base 10) to base 7
3
What is 2 (base 4) in base 7?
2
What is 0 (base 5) in base 15?
0
-1 (base 13) to base 15
-1
Convert 7 (base 12) to base 14.
7
What is 3 (base 13) in base 12?
3
What is 163 (base 11) in base 8?
276
-71 (base 10) to base 9
-78
What is d (base 14) in base 12?
11
Convert -7 (base 14) to base 8.
-7
What is 3 (base 15) in base 11?
3
Convert -250 (base 11) to base 13.
-19b
Convert -40 (base 7) to base 4.
-130
What is -1 (base 3) in base 13?
-1
What is 155 (base 15) in base 7?
614
Convert -31 (base 5) to base 7.
-22
What is 4 (base 16) in base 11?
4
What is 1 (base 15) in base 7?
1
Convert 103 (base 4) to base 12.
17
Convert -110101 (base 2) to base 5.
-203
11 (base 4) to base 16
5
Convert 111 (base 5) to base 12.
27
Convert -31 (base 5) to base 15.
-11
Convert -14 (base 14) to base 12.
-16
Convert -35 (base 13) to base 14.
-32
2 (base 4) to base 11
2
What is -1 (base 13) in base 11?
-1
-111 (base 3) to base 8
-15
What is 2 (base 11) in base 14?
2
-12 (base 15) to base 10
-17
-8 (base 9) to base 14
-8
Convert 44 (base 11) to base 12.
40
What is -452 (base 8) in base 2?
-100101010
-37 (base 8) to base 15
-21
-4 (base 6) to base 13
-4
What is 14 (base 14) in base 8?
22
Convert -10 (base 10) to base 13.
-a
-10 (base 8) to base 13
-8
-1 (base 5) to base 6
-1
-33 (base 7) to base 5
-44
What is -10 (base 15) in base 8?
-17
What is 10 (base 5) in base 7?
5
What is -2 (base 11) in base 12?
-2
-9 (base 14) to base 4
-21
What is 28 (base 12) in base 5?
112
Convert -10332 (base 4) to base 10.
-318
What is 4 (base 15) in base 2?
100
Convert 5 (base 9) to base 3.
12
What is 5 (base 15) in base 10?
5
What is 11 (base 2) in base 4?
3
26 (base 13) to base 9
35
2020 (base 3) to base 5
220
-30 (base 4) to base 14
-c
What is 56 (base 10) in base 4?
320
What is -4 (base 14) in base 8?
-4
Convert 30 (base 7) to base 10.
21
-b5 (base 14) to base 5
-1114
What is 24 (base 5) in base 12?
12
-3 (base 13) to base 14
-3
12 (base 4) to base 3
20
What is -17 (base 13) in base 7?
-26
What is -108 (base 9) in base 14?
-65
-3c (base 13) to base 11
-47
What is 80 (base 13) in base 10?
104
-1100 (base 2) to base 16
-c
What is 153 (base 7) in base 4?
1113
What is 3 (base 11) in base 10?
3
-170 (base 13) to base 5
-2020
What is -1 (base 11) in base 16?
-1
What is 3